{"id":22635,"date":"2025-09-01T08:25:57","date_gmt":"2025-09-01T12:25:57","guid":{"rendered":"https:\/\/www.colegioinmobiliario.com\/bolivia\/?post_type=product&#038;p=22635"},"modified":"2026-04-18T10:00:11","modified_gmt":"2026-04-18T14:00:11","slug":"marketing-negociacion-y-ventas-inmobiliarias","status":"publish","type":"product","link":"https:\/\/www.colegioinmobiliario.com\/bolivia\/producto\/marketing-negociacion-y-ventas-inmobiliarias\/","title":{"rendered":"Curso Marketing, Negociaci\u00f3n y Ventas Inmobiliarias"},"content":{"rendered":"<h2 data-start=\"334\" data-end=\"355\">Objetivo General<\/h2>\n<p data-start=\"356\" data-end=\"573\">Desarrollar en los participantes las competencias necesarias para dise\u00f1ar estrategias de marketing inmobiliario, aplicar t\u00e9cnicas de negociaci\u00f3n efectivas y concretar procesos de venta de manera profesional y \u00e9tica.<\/p>\n<hr data-start=\"575\" data-end=\"578\" \/>\n<h2 data-start=\"580\" data-end=\"606\">Objetivos Espec\u00edficos<\/h2>\n<ul data-start=\"607\" data-end=\"997\">\n<li data-start=\"607\" data-end=\"681\">\n<p data-start=\"609\" data-end=\"681\">Conocer los fundamentos del marketing aplicado al sector inmobiliario.<\/p>\n<\/li>\n<li data-start=\"682\" data-end=\"763\">\n<p data-start=\"684\" data-end=\"763\">Utilizar herramientas digitales y tradicionales para promocionar propiedades.<\/p>\n<\/li>\n<li data-start=\"764\" data-end=\"839\">\n<p data-start=\"766\" data-end=\"839\">Aplicar t\u00e9cnicas de negociaci\u00f3n orientadas al cierre exitoso de ventas.<\/p>\n<\/li>\n<li data-start=\"840\" data-end=\"909\">\n<p data-start=\"842\" data-end=\"909\">Fortalecer habilidades de comunicaci\u00f3n y persuasi\u00f3n con clientes.<\/p>\n<\/li>\n<li data-start=\"910\" data-end=\"997\">\n<p data-start=\"912\" data-end=\"997\">Incorporar buenas pr\u00e1cticas y \u00e9tica profesional en las transacciones inmobiliarias.<\/p>\n<\/li>\n<\/ul>\n<hr data-start=\"999\" data-end=\"1002\" \/>\n<h2 data-start=\"1004\" data-end=\"1025\">Malla Curricular<\/h2>\n<h3 data-start=\"1027\" data-end=\"1095\"><strong data-start=\"1031\" data-end=\"1093\">M\u00f3dulo 1: Introducci\u00f3n al marketing inmobiliario (5 horas)<\/strong><\/h3>\n<ul data-start=\"1096\" data-end=\"1265\">\n<li data-start=\"1096\" data-end=\"1154\">\n<p data-start=\"1098\" data-end=\"1154\">Concepto y caracter\u00edsticas del marketing inmobiliario.<\/p>\n<\/li>\n<li data-start=\"1155\" data-end=\"1219\">\n<p data-start=\"1157\" data-end=\"1219\">El cliente comprador y arrendatario: perfiles y necesidades.<\/p>\n<\/li>\n<li data-start=\"1220\" data-end=\"1265\">\n<p data-start=\"1222\" data-end=\"1265\">Branding y posicionamiento en el mercado.<\/p>\n<\/li>\n<\/ul>\n<h3 data-start=\"1267\" data-end=\"1334\"><strong data-start=\"1271\" data-end=\"1332\">M\u00f3dulo 2: Estrategias de marketing inmobiliario (7 horas)<\/strong><\/h3>\n<ul data-start=\"1335\" data-end=\"1561\">\n<li data-start=\"1335\" data-end=\"1376\">\n<p data-start=\"1337\" data-end=\"1376\">Captaci\u00f3n y promoci\u00f3n de propiedades.<\/p>\n<\/li>\n<li data-start=\"1377\" data-end=\"1427\">\n<p data-start=\"1379\" data-end=\"1427\">Marketing mix aplicado al sector inmobiliario.<\/p>\n<\/li>\n<li data-start=\"1428\" data-end=\"1487\">\n<p data-start=\"1430\" data-end=\"1487\">Estrategias tradicionales: letreros, ferias, referidos.<\/p>\n<\/li>\n<li data-start=\"1488\" data-end=\"1561\">\n<p data-start=\"1490\" data-end=\"1561\">Estrategias digitales: portales inmobiliarios, SEO, campa\u00f1as pagadas.<\/p>\n<\/li>\n<\/ul>\n<h3 data-start=\"1563\" data-end=\"1641\"><strong data-start=\"1567\" data-end=\"1639\">M\u00f3dulo 3: Herramientas digitales para ventas inmobiliarias (6 horas)<\/strong><\/h3>\n<ul data-start=\"1642\" data-end=\"1846\">\n<li data-start=\"1642\" data-end=\"1701\">\n<p data-start=\"1644\" data-end=\"1701\">Redes sociales (Facebook, Instagram, LinkedIn, TikTok).<\/p>\n<\/li>\n<li data-start=\"1702\" data-end=\"1750\">\n<p data-start=\"1704\" data-end=\"1750\">Fotograf\u00eda y video inmobiliario profesional.<\/p>\n<\/li>\n<li data-start=\"1751\" data-end=\"1797\">\n<p data-start=\"1753\" data-end=\"1797\">Recorridos virtuales y realidad aumentada.<\/p>\n<\/li>\n<li data-start=\"1798\" data-end=\"1846\">\n<p data-start=\"1800\" data-end=\"1846\">CRM inmobiliario y automatizaci\u00f3n de ventas.<\/p>\n<\/li>\n<\/ul>\n<h3 data-start=\"1848\" data-end=\"1901\"><strong data-start=\"1852\" data-end=\"1899\">M\u00f3dulo 4: T\u00e9cnicas de negociaci\u00f3n (8 horas)<\/strong><\/h3>\n<ul data-start=\"1902\" data-end=\"2077\">\n<li data-start=\"1902\" data-end=\"1958\">\n<p data-start=\"1904\" data-end=\"1958\">Principios de negociaci\u00f3n en el sector inmobiliario.<\/p>\n<\/li>\n<li data-start=\"1959\" data-end=\"2005\">\n<p data-start=\"1961\" data-end=\"2005\">Estrategias para compradores y vendedores.<\/p>\n<\/li>\n<li data-start=\"2006\" data-end=\"2031\">\n<p data-start=\"2008\" data-end=\"2031\">Manejo de objeciones.<\/p>\n<\/li>\n<li data-start=\"2032\" data-end=\"2077\">\n<p data-start=\"2034\" data-end=\"2077\">Negociaci\u00f3n colaborativa vs. competitiva.<\/p>\n<\/li>\n<\/ul>\n<h3 data-start=\"2079\" data-end=\"2140\"><strong data-start=\"2083\" data-end=\"2138\">M\u00f3dulo 5: Proceso de ventas inmobiliarias (7 horas)<\/strong><\/h3>\n<ul data-start=\"2141\" data-end=\"2367\">\n<li data-start=\"2141\" data-end=\"2209\">\n<p data-start=\"2143\" data-end=\"2209\">Etapas de la venta: prospecci\u00f3n, contacto, presentaci\u00f3n, cierre.<\/p>\n<\/li>\n<li data-start=\"2210\" data-end=\"2260\">\n<p data-start=\"2212\" data-end=\"2260\">Psicolog\u00eda del comprador y toma de decisiones.<\/p>\n<\/li>\n<li data-start=\"2261\" data-end=\"2316\">\n<p data-start=\"2263\" data-end=\"2316\">T\u00e9cnicas de persuasi\u00f3n y storytelling inmobiliario.<\/p>\n<\/li>\n<li data-start=\"2317\" data-end=\"2367\">\n<p data-start=\"2319\" data-end=\"2367\">Atenci\u00f3n postventa y fidelizaci\u00f3n de clientes.<\/p>\n<\/li>\n<\/ul>\n<h3 data-start=\"2369\" data-end=\"2451\"><strong data-start=\"2373\" data-end=\"2449\">M\u00f3dulo 6: \u00c9tica y buenas pr\u00e1cticas en las ventas inmobiliarias (4 horas)<\/strong><\/h3>\n<ul data-start=\"2452\" data-end=\"2606\">\n<li data-start=\"2452\" data-end=\"2513\">\n<p data-start=\"2454\" data-end=\"2513\">Transparencia y responsabilidad en la venta de inmuebles.<\/p>\n<\/li>\n<li data-start=\"2514\" data-end=\"2550\">\n<p data-start=\"2516\" data-end=\"2550\">Prevenci\u00f3n de fraudes y enga\u00f1os.<\/p>\n<\/li>\n<li data-start=\"2551\" data-end=\"2606\">\n<p data-start=\"2553\" data-end=\"2606\">C\u00f3digo de \u00e9tica del corredor y agente inmobiliario.<\/p>\n<\/li>\n<\/ul>\n<h3 data-start=\"2608\" data-end=\"2654\"><strong data-start=\"2612\" data-end=\"2652\">M\u00f3dulo 7: Evaluaci\u00f3n final (8 horas)<\/strong><\/h3>\n<ul data-start=\"2655\" data-end=\"2723\">\n<li data-start=\"2655\" data-end=\"2681\">\n<p data-start=\"2657\" data-end=\"2681\">Prueba te\u00f3rica online.<\/p>\n<\/li>\n<li data-start=\"2682\" data-end=\"2723\">\n<p data-start=\"2684\" data-end=\"2723\">Caso pr\u00e1ctico de negociaci\u00f3n y venta.<\/p>\n<\/li>\n<\/ul>\n<hr data-start=\"2940\" data-end=\"2943\" \/>\n<h2 data-start=\"2945\" data-end=\"2966\">P\u00fablico Objetivo<\/h2>\n<ul data-start=\"2967\" data-end=\"3223\">\n<li data-start=\"2967\" data-end=\"3006\">\n<p data-start=\"2969\" data-end=\"3006\">Corredores y agentes inmobiliarios.<\/p>\n<\/li>\n<li data-start=\"3007\" data-end=\"3072\">\n<p data-start=\"3009\" data-end=\"3072\">Estudiantes y profesionales interesados en ingresar al rubro.<\/p>\n<\/li>\n<li data-start=\"3073\" data-end=\"3152\">\n<p data-start=\"3075\" data-end=\"3152\">Propietarios e inversionistas que deseen vender o arrendar sus propiedades.<\/p>\n<\/li>\n<li data-start=\"3153\" data-end=\"3223\">\n<p data-start=\"3155\" data-end=\"3223\">Empresas inmobiliarias que buscan capacitar a su equipo comercial.<\/p>\n<\/li>\n<\/ul>\n","protected":false},"excerpt":{"rendered":"<p><strong data-start=\"201\" data-end=\"215\">Modalidad:<\/strong> 100% online asincr\u00f3nica<br data-start=\"239\" data-end=\"242\" \/><strong data-start=\"242\" data-end=\"255\">Duraci\u00f3n:<\/strong> 45 horas<\/p>\n","protected":false},"featured_media":22643,"template":"","meta":[],"product_brand":[],"product_cat":[206],"product_tag":[],"class_list":{"0":"post-22635","1":"product","2":"type-product","3":"status-publish","4":"has-post-thumbnail","6":"product_cat-negociacion-y-ventas-inmobiliarias","8":"first","9":"instock","10":"sale","11":"shipping-taxable","12":"purchasable","13":"product-type-simple"},"yoast_head":"<!-- This site is optimized with the Yoast SEO plugin v25.8 - https:\/\/yoast.com\/wordpress\/plugins\/seo\/ -->\n<title>Curso Marketing, Negociaci\u00f3n y Ventas Inmobiliarias | Colegio Inmobiliario Bolivia<\/title>\n<meta name=\"description\" content=\"Marketing, negociaci\u00f3n y ventas Inmobiliarias\" \/>\n<meta name=\"robots\" content=\"index, follow, max-snippet:-1, max-image-preview:large, max-video-preview:-1\" \/>\n<link rel=\"canonical\" href=\"https:\/\/www.colegioinmobiliario.com\/bolivia\/producto\/marketing-negociacion-y-ventas-inmobiliarias\/\" \/>\n<meta property=\"og:locale\" content=\"es_ES\" \/>\n<meta property=\"og:type\" content=\"article\" \/>\n<meta property=\"og:title\" content=\"Curso Marketing, Negociaci\u00f3n y Ventas Inmobiliarias | Colegio Inmobiliario Bolivia\" \/>\n<meta property=\"og:description\" content=\"Marketing, negociaci\u00f3n y ventas Inmobiliarias\" \/>\n<meta property=\"og:url\" content=\"https:\/\/www.colegioinmobiliario.com\/bolivia\/producto\/marketing-negociacion-y-ventas-inmobiliarias\/\" \/>\n<meta property=\"og:site_name\" content=\"Colegio Inmobiliario Bolivia\" \/>\n<meta property=\"article:modified_time\" content=\"2026-04-18T14:00:11+00:00\" \/>\n<meta property=\"og:image\" content=\"https:\/\/www.colegioinmobiliario.com\/bolivia\/wp-content\/uploads\/2025\/09\/Curso-Marketing-Negociacion-y-Ventas-Inmobiliarias.fw_.png\" \/>\n\t<meta property=\"og:image:width\" content=\"600\" \/>\n\t<meta property=\"og:image:height\" content=\"600\" \/>\n\t<meta property=\"og:image:type\" content=\"image\/png\" \/>\n<meta name=\"twitter:card\" content=\"summary_large_image\" \/>\n<meta name=\"twitter:label1\" content=\"Tiempo de lectura\" \/>\n\t<meta name=\"twitter:data1\" content=\"2 minutos\" \/>\n<script type=\"application\/ld+json\" class=\"yoast-schema-graph\">{\"@context\":\"https:\/\/schema.org\",\"@graph\":[{\"@type\":\"WebPage\",\"@id\":\"https:\/\/www.colegioinmobiliario.com\/bolivia\/producto\/marketing-negociacion-y-ventas-inmobiliarias\/\",\"url\":\"https:\/\/www.colegioinmobiliario.com\/bolivia\/producto\/marketing-negociacion-y-ventas-inmobiliarias\/\",\"name\":\"Curso Marketing, Negociaci\u00f3n y Ventas Inmobiliarias | Colegio Inmobiliario Bolivia\",\"isPartOf\":{\"@id\":\"https:\/\/www.colegioinmobiliario.com\/bolivia\/#website\"},\"primaryImageOfPage\":{\"@id\":\"https:\/\/www.colegioinmobiliario.com\/bolivia\/producto\/marketing-negociacion-y-ventas-inmobiliarias\/#primaryimage\"},\"image\":{\"@id\":\"https:\/\/www.colegioinmobiliario.com\/bolivia\/producto\/marketing-negociacion-y-ventas-inmobiliarias\/#primaryimage\"},\"thumbnailUrl\":\"https:\/\/www.colegioinmobiliario.com\/bolivia\/wp-content\/uploads\/2025\/09\/Curso-Marketing-Negociacion-y-Ventas-Inmobiliarias.fw_.png\",\"datePublished\":\"2025-09-01T12:25:57+00:00\",\"dateModified\":\"2026-04-18T14:00:11+00:00\",\"description\":\"Marketing, negociaci\u00f3n y ventas Inmobiliarias\",\"breadcrumb\":{\"@id\":\"https:\/\/www.colegioinmobiliario.com\/bolivia\/producto\/marketing-negociacion-y-ventas-inmobiliarias\/#breadcrumb\"},\"inLanguage\":\"es\",\"potentialAction\":[{\"@type\":\"ReadAction\",\"target\":[\"https:\/\/www.colegioinmobiliario.com\/bolivia\/producto\/marketing-negociacion-y-ventas-inmobiliarias\/\"]}]},{\"@type\":\"ImageObject\",\"inLanguage\":\"es\",\"@id\":\"https:\/\/www.colegioinmobiliario.com\/bolivia\/producto\/marketing-negociacion-y-ventas-inmobiliarias\/#primaryimage\",\"url\":\"https:\/\/www.colegioinmobiliario.com\/bolivia\/wp-content\/uploads\/2025\/09\/Curso-Marketing-Negociacion-y-Ventas-Inmobiliarias.fw_.png\",\"contentUrl\":\"https:\/\/www.colegioinmobiliario.com\/bolivia\/wp-content\/uploads\/2025\/09\/Curso-Marketing-Negociacion-y-Ventas-Inmobiliarias.fw_.png\",\"width\":600,\"height\":600},{\"@type\":\"BreadcrumbList\",\"@id\":\"https:\/\/www.colegioinmobiliario.com\/bolivia\/producto\/marketing-negociacion-y-ventas-inmobiliarias\/#breadcrumb\",\"itemListElement\":[{\"@type\":\"ListItem\",\"position\":1,\"name\":\"Portada\",\"item\":\"https:\/\/www.colegioinmobiliario.com\/bolivia\/\"},{\"@type\":\"ListItem\",\"position\":2,\"name\":\"Cat\u00e1logo de Cursos\",\"item\":\"https:\/\/www.colegioinmobiliario.com\/bolivia\/catalogo-cursos\/\"},{\"@type\":\"ListItem\",\"position\":3,\"name\":\"Curso Marketing, Negociaci\u00f3n y Ventas Inmobiliarias\"}]},{\"@type\":\"WebSite\",\"@id\":\"https:\/\/www.colegioinmobiliario.com\/bolivia\/#website\",\"url\":\"https:\/\/www.colegioinmobiliario.com\/bolivia\/\",\"name\":\"Colegio Inmobiliario Bolivia\",\"description\":\"Colegio Inmobiliario Bolivia\",\"alternateName\":\"Colegio Inmobiliario Bolivia\",\"potentialAction\":[{\"@type\":\"SearchAction\",\"target\":{\"@type\":\"EntryPoint\",\"urlTemplate\":\"https:\/\/www.colegioinmobiliario.com\/bolivia\/?s={search_term_string}\"},\"query-input\":{\"@type\":\"PropertyValueSpecification\",\"valueRequired\":true,\"valueName\":\"search_term_string\"}}],\"inLanguage\":\"es\"}]}<\/script>\n<!-- \/ Yoast SEO plugin. -->","yoast_head_json":{"title":"Curso Marketing, Negociaci\u00f3n y Ventas Inmobiliarias | Colegio Inmobiliario Bolivia","description":"Marketing, negociaci\u00f3n y ventas Inmobiliarias","robots":{"index":"index","follow":"follow","max-snippet":"max-snippet:-1","max-image-preview":"max-image-preview:large","max-video-preview":"max-video-preview:-1"},"canonical":"https:\/\/www.colegioinmobiliario.com\/bolivia\/producto\/marketing-negociacion-y-ventas-inmobiliarias\/","og_locale":"es_ES","og_type":"article","og_title":"Curso Marketing, Negociaci\u00f3n y Ventas Inmobiliarias | Colegio Inmobiliario Bolivia","og_description":"Marketing, negociaci\u00f3n y ventas Inmobiliarias","og_url":"https:\/\/www.colegioinmobiliario.com\/bolivia\/producto\/marketing-negociacion-y-ventas-inmobiliarias\/","og_site_name":"Colegio Inmobiliario Bolivia","article_modified_time":"2026-04-18T14:00:11+00:00","og_image":[{"width":600,"height":600,"url":"https:\/\/www.colegioinmobiliario.com\/bolivia\/wp-content\/uploads\/2025\/09\/Curso-Marketing-Negociacion-y-Ventas-Inmobiliarias.fw_.png","type":"image\/png"}],"twitter_card":"summary_large_image","twitter_misc":{"Tiempo de lectura":"2 minutos"},"schema":{"@context":"https:\/\/schema.org","@graph":[{"@type":"WebPage","@id":"https:\/\/www.colegioinmobiliario.com\/bolivia\/producto\/marketing-negociacion-y-ventas-inmobiliarias\/","url":"https:\/\/www.colegioinmobiliario.com\/bolivia\/producto\/marketing-negociacion-y-ventas-inmobiliarias\/","name":"Curso Marketing, Negociaci\u00f3n y Ventas Inmobiliarias | Colegio Inmobiliario Bolivia","isPartOf":{"@id":"https:\/\/www.colegioinmobiliario.com\/bolivia\/#website"},"primaryImageOfPage":{"@id":"https:\/\/www.colegioinmobiliario.com\/bolivia\/producto\/marketing-negociacion-y-ventas-inmobiliarias\/#primaryimage"},"image":{"@id":"https:\/\/www.colegioinmobiliario.com\/bolivia\/producto\/marketing-negociacion-y-ventas-inmobiliarias\/#primaryimage"},"thumbnailUrl":"https:\/\/www.colegioinmobiliario.com\/bolivia\/wp-content\/uploads\/2025\/09\/Curso-Marketing-Negociacion-y-Ventas-Inmobiliarias.fw_.png","datePublished":"2025-09-01T12:25:57+00:00","dateModified":"2026-04-18T14:00:11+00:00","description":"Marketing, negociaci\u00f3n y ventas Inmobiliarias","breadcrumb":{"@id":"https:\/\/www.colegioinmobiliario.com\/bolivia\/producto\/marketing-negociacion-y-ventas-inmobiliarias\/#breadcrumb"},"inLanguage":"es","potentialAction":[{"@type":"ReadAction","target":["https:\/\/www.colegioinmobiliario.com\/bolivia\/producto\/marketing-negociacion-y-ventas-inmobiliarias\/"]}]},{"@type":"ImageObject","inLanguage":"es","@id":"https:\/\/www.colegioinmobiliario.com\/bolivia\/producto\/marketing-negociacion-y-ventas-inmobiliarias\/#primaryimage","url":"https:\/\/www.colegioinmobiliario.com\/bolivia\/wp-content\/uploads\/2025\/09\/Curso-Marketing-Negociacion-y-Ventas-Inmobiliarias.fw_.png","contentUrl":"https:\/\/www.colegioinmobiliario.com\/bolivia\/wp-content\/uploads\/2025\/09\/Curso-Marketing-Negociacion-y-Ventas-Inmobiliarias.fw_.png","width":600,"height":600},{"@type":"BreadcrumbList","@id":"https:\/\/www.colegioinmobiliario.com\/bolivia\/producto\/marketing-negociacion-y-ventas-inmobiliarias\/#breadcrumb","itemListElement":[{"@type":"ListItem","position":1,"name":"Portada","item":"https:\/\/www.colegioinmobiliario.com\/bolivia\/"},{"@type":"ListItem","position":2,"name":"Cat\u00e1logo de Cursos","item":"https:\/\/www.colegioinmobiliario.com\/bolivia\/catalogo-cursos\/"},{"@type":"ListItem","position":3,"name":"Curso Marketing, Negociaci\u00f3n y Ventas Inmobiliarias"}]},{"@type":"WebSite","@id":"https:\/\/www.colegioinmobiliario.com\/bolivia\/#website","url":"https:\/\/www.colegioinmobiliario.com\/bolivia\/","name":"Colegio Inmobiliario Bolivia","description":"Colegio Inmobiliario Bolivia","alternateName":"Colegio Inmobiliario Bolivia","potentialAction":[{"@type":"SearchAction","target":{"@type":"EntryPoint","urlTemplate":"https:\/\/www.colegioinmobiliario.com\/bolivia\/?s={search_term_string}"},"query-input":{"@type":"PropertyValueSpecification","valueRequired":true,"valueName":"search_term_string"}}],"inLanguage":"es"}]}},"_links":{"self":[{"href":"https:\/\/www.colegioinmobiliario.com\/bolivia\/wp-json\/wp\/v2\/product\/22635","targetHints":{"allow":["GET"]}}],"collection":[{"href":"https:\/\/www.colegioinmobiliario.com\/bolivia\/wp-json\/wp\/v2\/product"}],"about":[{"href":"https:\/\/www.colegioinmobiliario.com\/bolivia\/wp-json\/wp\/v2\/types\/product"}],"wp:featuredmedia":[{"embeddable":true,"href":"https:\/\/www.colegioinmobiliario.com\/bolivia\/wp-json\/wp\/v2\/media\/22643"}],"wp:attachment":[{"href":"https:\/\/www.colegioinmobiliario.com\/bolivia\/wp-json\/wp\/v2\/media?parent=22635"}],"wp:term":[{"taxonomy":"product_brand","embeddable":true,"href":"https:\/\/www.colegioinmobiliario.com\/bolivia\/wp-json\/wp\/v2\/product_brand?post=22635"},{"taxonomy":"product_cat","embeddable":true,"href":"https:\/\/www.colegioinmobiliario.com\/bolivia\/wp-json\/wp\/v2\/product_cat?post=22635"},{"taxonomy":"product_tag","embeddable":true,"href":"https:\/\/www.colegioinmobiliario.com\/bolivia\/wp-json\/wp\/v2\/product_tag?post=22635"}],"curies":[{"name":"wp","href":"https:\/\/api.w.org\/{rel}","templated":true}]}}