{"id":22634,"date":"2025-09-01T12:26:04","date_gmt":"2025-09-01T16:26:04","guid":{"rendered":"https:\/\/www.colegioinmobiliario.com\/puerto-rico\/?post_type=product&#038;p=22634"},"modified":"2025-10-06T11:59:16","modified_gmt":"2025-10-06T14:59:16","slug":"curso-de-vendedor-de-bienes-raices-puerto-rico","status":"publish","type":"product","link":"https:\/\/www.colegioinmobiliario.com\/puerto-rico\/producto\/curso-de-vendedor-de-bienes-raices-puerto-rico\/","title":{"rendered":"Curso de Vendedor de Bienes Ra\u00edces Puerto Rico"},"content":{"rendered":"<h2 data-start=\"553\" data-end=\"619\"><strong data-start=\"556\" data-end=\"605\">M\u00f3dulo 1: Introducci\u00f3n al Sector Inmobiliario<\/strong> \u2013 <em data-start=\"608\" data-end=\"617\">6 horas<\/em><\/h2>\n<ul data-start=\"620\" data-end=\"826\">\n<li data-start=\"620\" data-end=\"683\">\n<p data-start=\"622\" data-end=\"683\">Historia y evoluci\u00f3n del corretaje en Puerto Rico y EE. UU.<\/p>\n<\/li>\n<li data-start=\"684\" data-end=\"722\">\n<p data-start=\"686\" data-end=\"722\">Rol del vendedor de bienes ra\u00edces.<\/p>\n<\/li>\n<li data-start=\"723\" data-end=\"785\">\n<p data-start=\"725\" data-end=\"785\">La Junta Examinadora y los requisitos legales de licencia.<\/p>\n<\/li>\n<li data-start=\"786\" data-end=\"826\">\n<p data-start=\"788\" data-end=\"826\">\u00c9tica y responsabilidad profesional.<\/p>\n<\/li>\n<\/ul>\n<hr data-start=\"828\" data-end=\"831\" \/>\n<h2 data-start=\"833\" data-end=\"896\"><strong data-start=\"836\" data-end=\"881\">M\u00f3dulo 2: Legislaci\u00f3n y Marco Regulatorio<\/strong> \u2013 <em data-start=\"884\" data-end=\"894\">10 horas<\/em><\/h2>\n<ul data-start=\"897\" data-end=\"1130\">\n<li data-start=\"897\" data-end=\"974\">\n<p data-start=\"899\" data-end=\"974\">Ley de Corredores, Vendedores y Empresas de Bienes Ra\u00edces de Puerto Rico.<\/p>\n<\/li>\n<li data-start=\"975\" data-end=\"1023\">\n<p data-start=\"977\" data-end=\"1023\">Reglas de la Junta y reglamentos aplicables.<\/p>\n<\/li>\n<li data-start=\"1024\" data-end=\"1083\">\n<p data-start=\"1026\" data-end=\"1083\">Derechos del consumidor en transacciones inmobiliarias.<\/p>\n<\/li>\n<li data-start=\"1084\" data-end=\"1130\">\n<p data-start=\"1086\" data-end=\"1130\">Rol del DACO y otras agencias reguladoras.<\/p>\n<\/li>\n<\/ul>\n<hr data-start=\"1132\" data-end=\"1135\" \/>\n<h2 data-start=\"1137\" data-end=\"1203\"><strong data-start=\"1140\" data-end=\"1188\">M\u00f3dulo 3: Principios de Derecho Inmobiliario<\/strong> \u2013 <em data-start=\"1191\" data-end=\"1201\">12 horas<\/em><\/h2>\n<ul data-start=\"1204\" data-end=\"1416\">\n<li data-start=\"1204\" data-end=\"1257\">\n<p data-start=\"1206\" data-end=\"1257\">Conceptos b\u00e1sicos de propiedad y derechos reales.<\/p>\n<\/li>\n<li data-start=\"1258\" data-end=\"1332\">\n<p data-start=\"1260\" data-end=\"1332\">Contratos inmobiliarios: compraventa, arrendamiento, opci\u00f3n de compra.<\/p>\n<\/li>\n<li data-start=\"1333\" data-end=\"1369\">\n<p data-start=\"1335\" data-end=\"1369\">Hipotecas y cr\u00e9dito hipotecario.<\/p>\n<\/li>\n<li data-start=\"1370\" data-end=\"1416\">\n<p data-start=\"1372\" data-end=\"1416\">Ley de Condominios y propiedad horizontal.<\/p>\n<\/li>\n<\/ul>\n<hr data-start=\"1418\" data-end=\"1421\" \/>\n<h2 data-start=\"1423\" data-end=\"1479\"><strong data-start=\"1426\" data-end=\"1464\">M\u00f3dulo 4: Registro de la Propiedad<\/strong> \u2013 <em data-start=\"1467\" data-end=\"1477\">10 horas<\/em><\/h2>\n<ul data-start=\"1480\" data-end=\"1680\">\n<li data-start=\"1480\" data-end=\"1522\">\n<p data-start=\"1482\" data-end=\"1522\">Principios registrales en Puerto Rico.<\/p>\n<\/li>\n<li data-start=\"1523\" data-end=\"1557\">\n<p data-start=\"1525\" data-end=\"1557\">Procedimientos de inscripci\u00f3n.<\/p>\n<\/li>\n<li data-start=\"1558\" data-end=\"1620\">\n<p data-start=\"1560\" data-end=\"1620\">Importancia del tracto sucesivo y la publicidad registral.<\/p>\n<\/li>\n<li data-start=\"1621\" data-end=\"1680\">\n<p data-start=\"1623\" data-end=\"1680\">Investigaci\u00f3n de t\u00edtulos y certificaciones registrales.<\/p>\n<\/li>\n<\/ul>\n<hr data-start=\"1682\" data-end=\"1685\" \/>\n<h2 data-start=\"1687\" data-end=\"1744\"><strong data-start=\"1690\" data-end=\"1729\">M\u00f3dulo 5: Contratos y Documentaci\u00f3n<\/strong> \u2013 <em data-start=\"1732\" data-end=\"1742\">12 horas<\/em><\/h2>\n<ul data-start=\"1745\" data-end=\"1926\">\n<li data-start=\"1745\" data-end=\"1799\">\n<p data-start=\"1747\" data-end=\"1799\">Redacci\u00f3n de contratos de corretaje y compraventa.<\/p>\n<\/li>\n<li data-start=\"1800\" data-end=\"1854\">\n<p data-start=\"1802\" data-end=\"1854\">Cl\u00e1usulas esenciales y obligaciones de las partes.<\/p>\n<\/li>\n<li data-start=\"1855\" data-end=\"1886\">\n<p data-start=\"1857\" data-end=\"1886\">Arras, promesas y opciones.<\/p>\n<\/li>\n<li data-start=\"1887\" data-end=\"1926\">\n<p data-start=\"1889\" data-end=\"1926\">Pr\u00e1ctica con modelos contractuales.<\/p>\n<\/li>\n<\/ul>\n<hr data-start=\"1928\" data-end=\"1931\" \/>\n<h2 data-start=\"1933\" data-end=\"1997\"><strong data-start=\"1936\" data-end=\"1982\">M\u00f3dulo 6: Finanzas y Aspectos Hipotecarios<\/strong> \u2013 <em data-start=\"1985\" data-end=\"1995\">10 horas<\/em><\/h2>\n<ul data-start=\"1998\" data-end=\"2198\">\n<li data-start=\"1998\" data-end=\"2051\">\n<p data-start=\"2000\" data-end=\"2051\">Conceptos b\u00e1sicos de financiamiento inmobiliario.<\/p>\n<\/li>\n<li data-start=\"2052\" data-end=\"2088\">\n<p data-start=\"2054\" data-end=\"2088\">Tipos de pr\u00e9stamos hipotecarios.<\/p>\n<\/li>\n<li data-start=\"2089\" data-end=\"2133\">\n<p data-start=\"2091\" data-end=\"2133\">Proceso de aprobaci\u00f3n de financiamiento.<\/p>\n<\/li>\n<li data-start=\"2134\" data-end=\"2198\">\n<p data-start=\"2136\" data-end=\"2198\">Rol del vendedor frente a entidades bancarias y financieras.<\/p>\n<\/li>\n<\/ul>\n<hr data-start=\"2200\" data-end=\"2203\" \/>\n<h2 data-start=\"2205\" data-end=\"2269\"><strong data-start=\"2208\" data-end=\"2254\">M\u00f3dulo 7: Mercadeo y Captaci\u00f3n de Clientes<\/strong> \u2013 <em data-start=\"2257\" data-end=\"2267\">12 horas<\/em><\/h2>\n<ul data-start=\"2270\" data-end=\"2477\">\n<li data-start=\"2270\" data-end=\"2325\">\n<p data-start=\"2272\" data-end=\"2325\">T\u00e9cnicas de prospecci\u00f3n y captaci\u00f3n de propiedades.<\/p>\n<\/li>\n<li data-start=\"2326\" data-end=\"2374\">\n<p data-start=\"2328\" data-end=\"2374\">Publicidad y marketing digital inmobiliario.<\/p>\n<\/li>\n<li data-start=\"2375\" data-end=\"2432\">\n<p data-start=\"2377\" data-end=\"2432\">Manejo de redes sociales y portales de bienes ra\u00edces.<\/p>\n<\/li>\n<li data-start=\"2433\" data-end=\"2477\">\n<p data-start=\"2435\" data-end=\"2477\">Estrategias de negociaci\u00f3n con clientes.<\/p>\n<\/li>\n<\/ul>\n<hr data-start=\"2479\" data-end=\"2482\" \/>\n<h2 data-start=\"2484\" data-end=\"2550\"><strong data-start=\"2487\" data-end=\"2536\">M\u00f3dulo 8: \u00c9tica y Responsabilidad Profesional<\/strong> \u2013 <em data-start=\"2539\" data-end=\"2548\">8 horas<\/em><\/h2>\n<ul data-start=\"2551\" data-end=\"2773\">\n<li data-start=\"2551\" data-end=\"2616\">\n<p data-start=\"2553\" data-end=\"2616\">C\u00f3digo de \u00c9tica de la National Association of Realtors (NAR).<\/p>\n<\/li>\n<li data-start=\"2617\" data-end=\"2662\">\n<p data-start=\"2619\" data-end=\"2662\">Conflictos de inter\u00e9s y deber fiduciario.<\/p>\n<\/li>\n<li data-start=\"2663\" data-end=\"2725\">\n<p data-start=\"2665\" data-end=\"2725\">Responsabilidad civil y penal en la pr\u00e1ctica inmobiliaria.<\/p>\n<\/li>\n<li data-start=\"2726\" data-end=\"2773\">\n<p data-start=\"2728\" data-end=\"2773\">Casos pr\u00e1cticos y jurisprudencia aplicable.<\/p>\n<\/li>\n<\/ul>\n<hr data-start=\"2775\" data-end=\"2778\" \/>\n<h2 data-start=\"2780\" data-end=\"2840\"><strong data-start=\"2783\" data-end=\"2825\">M\u00f3dulo 9: Preparaci\u00f3n para la Rev\u00e1lida<\/strong> \u2013 <em data-start=\"2828\" data-end=\"2838\">10 horas<\/em><\/h2>\n<ul data-start=\"2841\" data-end=\"3021\">\n<li data-start=\"2841\" data-end=\"2875\">\n<p data-start=\"2843\" data-end=\"2875\">Estructura del examen oficial.<\/p>\n<\/li>\n<li data-start=\"2876\" data-end=\"2925\">\n<p data-start=\"2878\" data-end=\"2925\">Simuladores de preguntas y repasos tem\u00e1ticos.<\/p>\n<\/li>\n<li data-start=\"2926\" data-end=\"2973\">\n<p data-start=\"2928\" data-end=\"2973\">Estrategias de estudio y manejo del tiempo.<\/p>\n<\/li>\n<li data-start=\"2974\" data-end=\"3021\">\n<p data-start=\"2976\" data-end=\"3021\">Taller de repaso final con casos pr\u00e1cticos.<\/p>\n<\/li>\n<\/ul>\n<hr data-start=\"3023\" data-end=\"3026\" \/>\n<h2 data-start=\"3028\" data-end=\"3052\">Resultados esperados<\/h2>\n<p data-start=\"3053\" data-end=\"3108\">Al finalizar el curso, el participante ser\u00e1 capaz de:<\/p>\n<ul data-start=\"3109\" data-end=\"3464\">\n<li data-start=\"3109\" data-end=\"3180\">\n<p data-start=\"3111\" data-end=\"3180\">Comprender la legislaci\u00f3n y regulaci\u00f3n inmobiliaria de Puerto Rico.<\/p>\n<\/li>\n<li data-start=\"3181\" data-end=\"3257\">\n<p data-start=\"3183\" data-end=\"3257\">Identificar y aplicar principios de derecho inmobiliario en la pr\u00e1ctica.<\/p>\n<\/li>\n<li data-start=\"3258\" data-end=\"3317\">\n<p data-start=\"3260\" data-end=\"3317\">Redactar y analizar contratos b\u00e1sicos de bienes ra\u00edces.<\/p>\n<\/li>\n<li data-start=\"3318\" data-end=\"3384\">\n<p data-start=\"3320\" data-end=\"3384\">Manejar t\u00e9cnicas de captaci\u00f3n, negociaci\u00f3n y cierre de ventas.<\/p>\n<\/li>\n<li data-start=\"3385\" data-end=\"3464\">\n<p data-start=\"3387\" data-end=\"3464\">Prepararse de forma integral para la rev\u00e1lida de Vendedor de Bienes Ra\u00edces.<\/p>\n<\/li>\n<\/ul>\n","protected":false},"excerpt":{"rendered":"<p><strong data-start=\"357\" data-end=\"376\">Duraci\u00f3n total:<\/strong> 90 horas<br data-start=\"385\" data-end=\"388\" \/><strong data-start=\"388\" data-end=\"402\">Modalidad:<\/strong> Online asincr\u00f3nico<\/p>\n","protected":false},"featured_media":22646,"template":"","meta":[],"product_brand":[],"product_cat":[204],"product_tag":[],"class_list":{"0":"post-22634","1":"product","2":"type-product","3":"status-publish","4":"has-post-thumbnail","6":"product_cat-curso-de-vendedor-de-bienes-raices-puerto-rico","8":"first","9":"instock","10":"sale","11":"shipping-taxable","12":"purchasable","13":"product-type-simple"},"yoast_head":"<!-- This site is optimized with the Yoast SEO plugin v25.8 - https:\/\/yoast.com\/wordpress\/plugins\/seo\/ -->\n<title>Curso de Vendedor de Bienes Ra\u00edces Puerto Rico | Colegio Inmobiliario Puertorico<\/title>\n<meta name=\"description\" content=\"Curso de Vendedor de Bienes Ra\u00edces Puerto Rico\" \/>\n<meta name=\"robots\" content=\"index, follow, max-snippet:-1, max-image-preview:large, max-video-preview:-1\" \/>\n<link rel=\"canonical\" href=\"https:\/\/www.colegioinmobiliario.com\/puerto-rico\/producto\/curso-de-vendedor-de-bienes-raices-puerto-rico\/\" \/>\n<meta property=\"og:locale\" content=\"es_ES\" \/>\n<meta property=\"og:type\" content=\"article\" \/>\n<meta property=\"og:title\" content=\"Curso de Vendedor de Bienes Ra\u00edces Puerto Rico | Colegio Inmobiliario Puertorico\" \/>\n<meta property=\"og:description\" content=\"Curso de Vendedor de Bienes Ra\u00edces Puerto Rico\" \/>\n<meta property=\"og:url\" content=\"https:\/\/www.colegioinmobiliario.com\/puerto-rico\/producto\/curso-de-vendedor-de-bienes-raices-puerto-rico\/\" \/>\n<meta property=\"og:site_name\" content=\"Colegio Inmobiliario Puertorico\" \/>\n<meta property=\"article:modified_time\" content=\"2025-10-06T14:59:16+00:00\" \/>\n<meta property=\"og:image\" content=\"https:\/\/www.colegioinmobiliario.com\/puerto-rico\/wp-content\/uploads\/2025\/09\/Curso-de-Vendedor-de-Bienes-Raices-Puerto-Rico.fw_.png\" \/>\n\t<meta property=\"og:image:width\" content=\"600\" \/>\n\t<meta property=\"og:image:height\" content=\"600\" \/>\n\t<meta property=\"og:image:type\" content=\"image\/png\" \/>\n<meta name=\"twitter:card\" content=\"summary_large_image\" \/>\n<meta name=\"twitter:label1\" content=\"Tiempo de lectura\" \/>\n\t<meta name=\"twitter:data1\" content=\"2 minutos\" \/>\n<script type=\"application\/ld+json\" class=\"yoast-schema-graph\">{\"@context\":\"https:\/\/schema.org\",\"@graph\":[{\"@type\":\"WebPage\",\"@id\":\"https:\/\/www.colegioinmobiliario.com\/puerto-rico\/producto\/curso-de-vendedor-de-bienes-raices-puerto-rico\/\",\"url\":\"https:\/\/www.colegioinmobiliario.com\/puerto-rico\/producto\/curso-de-vendedor-de-bienes-raices-puerto-rico\/\",\"name\":\"Curso de Vendedor de Bienes Ra\u00edces Puerto Rico | Colegio Inmobiliario Puertorico\",\"isPartOf\":{\"@id\":\"https:\/\/www.colegioinmobiliario.com\/puerto-rico\/#website\"},\"primaryImageOfPage\":{\"@id\":\"https:\/\/www.colegioinmobiliario.com\/puerto-rico\/producto\/curso-de-vendedor-de-bienes-raices-puerto-rico\/#primaryimage\"},\"image\":{\"@id\":\"https:\/\/www.colegioinmobiliario.com\/puerto-rico\/producto\/curso-de-vendedor-de-bienes-raices-puerto-rico\/#primaryimage\"},\"thumbnailUrl\":\"https:\/\/www.colegioinmobiliario.com\/puerto-rico\/wp-content\/uploads\/2025\/09\/Curso-de-Vendedor-de-Bienes-Raices-Puerto-Rico.fw_.png\",\"datePublished\":\"2025-09-01T16:26:04+00:00\",\"dateModified\":\"2025-10-06T14:59:16+00:00\",\"description\":\"Curso de Vendedor de Bienes Ra\u00edces Puerto Rico\",\"breadcrumb\":{\"@id\":\"https:\/\/www.colegioinmobiliario.com\/puerto-rico\/producto\/curso-de-vendedor-de-bienes-raices-puerto-rico\/#breadcrumb\"},\"inLanguage\":\"es\",\"potentialAction\":[{\"@type\":\"ReadAction\",\"target\":[\"https:\/\/www.colegioinmobiliario.com\/puerto-rico\/producto\/curso-de-vendedor-de-bienes-raices-puerto-rico\/\"]}]},{\"@type\":\"ImageObject\",\"inLanguage\":\"es\",\"@id\":\"https:\/\/www.colegioinmobiliario.com\/puerto-rico\/producto\/curso-de-vendedor-de-bienes-raices-puerto-rico\/#primaryimage\",\"url\":\"https:\/\/www.colegioinmobiliario.com\/puerto-rico\/wp-content\/uploads\/2025\/09\/Curso-de-Vendedor-de-Bienes-Raices-Puerto-Rico.fw_.png\",\"contentUrl\":\"https:\/\/www.colegioinmobiliario.com\/puerto-rico\/wp-content\/uploads\/2025\/09\/Curso-de-Vendedor-de-Bienes-Raices-Puerto-Rico.fw_.png\",\"width\":600,\"height\":600},{\"@type\":\"BreadcrumbList\",\"@id\":\"https:\/\/www.colegioinmobiliario.com\/puerto-rico\/producto\/curso-de-vendedor-de-bienes-raices-puerto-rico\/#breadcrumb\",\"itemListElement\":[{\"@type\":\"ListItem\",\"position\":1,\"name\":\"Portada\",\"item\":\"https:\/\/www.colegioinmobiliario.com\/puerto-rico\/\"},{\"@type\":\"ListItem\",\"position\":2,\"name\":\"Cat\u00e1logo de Cursos\",\"item\":\"https:\/\/www.colegioinmobiliario.com\/puerto-rico\/catalogo-cursos\/\"},{\"@type\":\"ListItem\",\"position\":3,\"name\":\"Curso de Vendedor de Bienes Ra\u00edces Puerto Rico\"}]},{\"@type\":\"WebSite\",\"@id\":\"https:\/\/www.colegioinmobiliario.com\/puerto-rico\/#website\",\"url\":\"https:\/\/www.colegioinmobiliario.com\/puerto-rico\/\",\"name\":\"Colegio Inmobiliario Puertorico\",\"description\":\"Colegio Inmobiliario Puertorico\",\"alternateName\":\"Colegio Inmobiliario Puertorico\",\"potentialAction\":[{\"@type\":\"SearchAction\",\"target\":{\"@type\":\"EntryPoint\",\"urlTemplate\":\"https:\/\/www.colegioinmobiliario.com\/puerto-rico\/?s={search_term_string}\"},\"query-input\":{\"@type\":\"PropertyValueSpecification\",\"valueRequired\":true,\"valueName\":\"search_term_string\"}}],\"inLanguage\":\"es\"}]}<\/script>\n<!-- \/ Yoast SEO plugin. -->","yoast_head_json":{"title":"Curso de Vendedor de Bienes Ra\u00edces Puerto Rico | Colegio Inmobiliario Puertorico","description":"Curso de Vendedor de Bienes Ra\u00edces Puerto Rico","robots":{"index":"index","follow":"follow","max-snippet":"max-snippet:-1","max-image-preview":"max-image-preview:large","max-video-preview":"max-video-preview:-1"},"canonical":"https:\/\/www.colegioinmobiliario.com\/puerto-rico\/producto\/curso-de-vendedor-de-bienes-raices-puerto-rico\/","og_locale":"es_ES","og_type":"article","og_title":"Curso de Vendedor de Bienes Ra\u00edces Puerto Rico | Colegio Inmobiliario Puertorico","og_description":"Curso de Vendedor de Bienes Ra\u00edces Puerto Rico","og_url":"https:\/\/www.colegioinmobiliario.com\/puerto-rico\/producto\/curso-de-vendedor-de-bienes-raices-puerto-rico\/","og_site_name":"Colegio Inmobiliario Puertorico","article_modified_time":"2025-10-06T14:59:16+00:00","og_image":[{"width":600,"height":600,"url":"https:\/\/www.colegioinmobiliario.com\/puerto-rico\/wp-content\/uploads\/2025\/09\/Curso-de-Vendedor-de-Bienes-Raices-Puerto-Rico.fw_.png","type":"image\/png"}],"twitter_card":"summary_large_image","twitter_misc":{"Tiempo de lectura":"2 minutos"},"schema":{"@context":"https:\/\/schema.org","@graph":[{"@type":"WebPage","@id":"https:\/\/www.colegioinmobiliario.com\/puerto-rico\/producto\/curso-de-vendedor-de-bienes-raices-puerto-rico\/","url":"https:\/\/www.colegioinmobiliario.com\/puerto-rico\/producto\/curso-de-vendedor-de-bienes-raices-puerto-rico\/","name":"Curso de Vendedor de Bienes Ra\u00edces Puerto Rico | Colegio Inmobiliario Puertorico","isPartOf":{"@id":"https:\/\/www.colegioinmobiliario.com\/puerto-rico\/#website"},"primaryImageOfPage":{"@id":"https:\/\/www.colegioinmobiliario.com\/puerto-rico\/producto\/curso-de-vendedor-de-bienes-raices-puerto-rico\/#primaryimage"},"image":{"@id":"https:\/\/www.colegioinmobiliario.com\/puerto-rico\/producto\/curso-de-vendedor-de-bienes-raices-puerto-rico\/#primaryimage"},"thumbnailUrl":"https:\/\/www.colegioinmobiliario.com\/puerto-rico\/wp-content\/uploads\/2025\/09\/Curso-de-Vendedor-de-Bienes-Raices-Puerto-Rico.fw_.png","datePublished":"2025-09-01T16:26:04+00:00","dateModified":"2025-10-06T14:59:16+00:00","description":"Curso de Vendedor de Bienes Ra\u00edces Puerto Rico","breadcrumb":{"@id":"https:\/\/www.colegioinmobiliario.com\/puerto-rico\/producto\/curso-de-vendedor-de-bienes-raices-puerto-rico\/#breadcrumb"},"inLanguage":"es","potentialAction":[{"@type":"ReadAction","target":["https:\/\/www.colegioinmobiliario.com\/puerto-rico\/producto\/curso-de-vendedor-de-bienes-raices-puerto-rico\/"]}]},{"@type":"ImageObject","inLanguage":"es","@id":"https:\/\/www.colegioinmobiliario.com\/puerto-rico\/producto\/curso-de-vendedor-de-bienes-raices-puerto-rico\/#primaryimage","url":"https:\/\/www.colegioinmobiliario.com\/puerto-rico\/wp-content\/uploads\/2025\/09\/Curso-de-Vendedor-de-Bienes-Raices-Puerto-Rico.fw_.png","contentUrl":"https:\/\/www.colegioinmobiliario.com\/puerto-rico\/wp-content\/uploads\/2025\/09\/Curso-de-Vendedor-de-Bienes-Raices-Puerto-Rico.fw_.png","width":600,"height":600},{"@type":"BreadcrumbList","@id":"https:\/\/www.colegioinmobiliario.com\/puerto-rico\/producto\/curso-de-vendedor-de-bienes-raices-puerto-rico\/#breadcrumb","itemListElement":[{"@type":"ListItem","position":1,"name":"Portada","item":"https:\/\/www.colegioinmobiliario.com\/puerto-rico\/"},{"@type":"ListItem","position":2,"name":"Cat\u00e1logo de Cursos","item":"https:\/\/www.colegioinmobiliario.com\/puerto-rico\/catalogo-cursos\/"},{"@type":"ListItem","position":3,"name":"Curso de Vendedor de Bienes Ra\u00edces Puerto Rico"}]},{"@type":"WebSite","@id":"https:\/\/www.colegioinmobiliario.com\/puerto-rico\/#website","url":"https:\/\/www.colegioinmobiliario.com\/puerto-rico\/","name":"Colegio Inmobiliario Puertorico","description":"Colegio Inmobiliario Puertorico","alternateName":"Colegio Inmobiliario Puertorico","potentialAction":[{"@type":"SearchAction","target":{"@type":"EntryPoint","urlTemplate":"https:\/\/www.colegioinmobiliario.com\/puerto-rico\/?s={search_term_string}"},"query-input":{"@type":"PropertyValueSpecification","valueRequired":true,"valueName":"search_term_string"}}],"inLanguage":"es"}]}},"_links":{"self":[{"href":"https:\/\/www.colegioinmobiliario.com\/puerto-rico\/wp-json\/wp\/v2\/product\/22634","targetHints":{"allow":["GET"]}}],"collection":[{"href":"https:\/\/www.colegioinmobiliario.com\/puerto-rico\/wp-json\/wp\/v2\/product"}],"about":[{"href":"https:\/\/www.colegioinmobiliario.com\/puerto-rico\/wp-json\/wp\/v2\/types\/product"}],"wp:featuredmedia":[{"embeddable":true,"href":"https:\/\/www.colegioinmobiliario.com\/puerto-rico\/wp-json\/wp\/v2\/media\/22646"}],"wp:attachment":[{"href":"https:\/\/www.colegioinmobiliario.com\/puerto-rico\/wp-json\/wp\/v2\/media?parent=22634"}],"wp:term":[{"taxonomy":"product_brand","embeddable":true,"href":"https:\/\/www.colegioinmobiliario.com\/puerto-rico\/wp-json\/wp\/v2\/product_brand?post=22634"},{"taxonomy":"product_cat","embeddable":true,"href":"https:\/\/www.colegioinmobiliario.com\/puerto-rico\/wp-json\/wp\/v2\/product_cat?post=22634"},{"taxonomy":"product_tag","embeddable":true,"href":"https:\/\/www.colegioinmobiliario.com\/puerto-rico\/wp-json\/wp\/v2\/product_tag?post=22634"}],"curies":[{"name":"wp","href":"https:\/\/api.w.org\/{rel}","templated":true}]}}